
-384
In base 11, what is 31 + -8?
24
In base 15, what is 0 + -3d6?
-3d6
In base 6, what is -2 - 13324?
-13330
In base 15, what is -4 - -c0?
bb
In base 3, what is -102 - -11111?
11002
In base 5, what is 13 + -213?
-200
In base 13, what is 874 + -5?
86c
In base 3, what is -1 - -2010?
2002
In base 7, what is 36 - -42?
111
In base 6, what is 1345 + 2?
1351
In base 11, what is -5 + -57?
-61
In base 9, what is -1 + -38?
-40
In base 11, what is -125 + 5?
-120
In base 13, what is 0 - 442?
-442
In base 11, what is -6 - 48?
-53
In base 3, what is 1121 + 20200?
22021
In base 15, what is -b85 - -9?
-b7b
In base 6, what is 35 + -155?
-120
In base 2, what is -11101110 + 101?
-11101001
In base 14, what is 5 - 37b?
-376
In base 7, what is 4 - 121?
-114
In base 16, what is 3 - 645?
-642
In base 10, what is 0 - 399?
-399
In base 13, what is -206 + -8?
-211
In base 8, what is -7 - -51?
42
In base 2, what is 100100 - 100?
100000
In base 10, what is 226 - 1?
225
In base 11, what is 3019 - 1?
3018
In base 2, what is -1000001100 - 100?
-1000010000
In base 4, what is 113 - -10233?
11012
In base 8, what is 2 + -433?
-431
In base 10, what is -4 + -47?
-51
In base 13, what is 10 - -43?
53
In base 6, what is -444 - -2?
-442
In base 3, what is 12 - 12?
0
In base 10, what is 874 + -5?
869
In base 8, what is -1 - 73?
-74
In base 6, what is 10341 - 0?
10341
In base 9, what is -726 + 13?
-713
In base 7, what is -4 + -22?
-26
In base 9, what is -23 + -57?
-81
In base 6, what is 1 + 1344?
1345
In base 7, what is 544 + 3?
550
In base 9, what is 5 - 14?
-8
In base 5, what is 401 + -4?
342
In base 11, what is -5968 - 0?
-5968
In base 11, what is 8497 + 5?
84a1
In base 12, what is -344 + 6?
-33a
In base 4, what is -3 + 2323?
2320
In base 3, what is -101 + -120122?
-121000
In base 11, what is 9a - 18?
82
In base 7, what is -6 + 223?
214
In base 16, what is 1c6 + -4?
1c2
In base 6, what is 4531 - 31?
4500
In base 3, what is -2201 + -1221?
-11122
In base 10, what is 7 - 69?
-62
In base 13, what is 101 + 1?
102
In base 3, what is -1022001 + 12?
-1021212
In base 15, what is 2 - -1a5e?
1a61
In base 12, what is 14 - 35?
-21
In base 12, what is -7 + -92?
-99
In base 7, what is -66 - -3?
-63
In base 6, what is -354 - -4?
-350
In base 3, what is 222 - 102?
120
In base 15, what is 1 + -160b?
-160a
In base 15, what is -3 - -5b?
58
In base 4, what is 3301 - -1?
3302
In base 7, what is -2 + 161?
156
In base 16, what is 2 - 37?
-35
In base 2, what is 1001 + -11101?
-10100
In base 15, what is 29 - -2b?
55
In base 2, what is -100000 + -11?
-100011
In base 8, what is 55 - -16?
73
In base 7, what is 2 - 244?
-242
In base 16, what is 9a + -3?
97
In base 2, what is 101010110101111 - 11?
101010110101100
In base 14, what is -1732 - 3?
-1735
In base 4, what is -1333313 - 2?
-1333321
In base 11, what is 3806 + -5?
3801
In base 2, what is 101000110101 + 100?
101000111001
In base 13, what is 2a5 + -2?
2a3
In base 2, what is -1110111000 - 100?
-1110111100
In base 8, what is -22 + -46?
-70
In base 4, what is -10 - -22?
12
In base 15, what is 2 + 64?
66
In base 2, what is -1 + 1110010?
1110001
In base 8, what is -25 - -6?
-17
In base 4, what is 11 + -330?
-313
In base 7, what is -445 - 25?
-503
In base 14, what is 0 - -83?
83
In base 12, what is 33 - 4?
2b
In base 13, what is 524 + -c?
515
In base 16, what is -5 - aa1?
-aa6
In base 10, what is -202 - 0?
-202
In base 13, what is -b - 9?
-17
In base 4, what is -11 - 110?
-121
In base 14, what is 4550 + -3?
454b
In base 12, what is 2 - -a2?
a4
In base 15, what is 1 - 1615?
-1614
In base 7, what is 11 + 1106?
1120
In base 6, what is 4 + 1152?
1200
In base 8, what is 2 - 2512?
-2510
In base 16, what is -17 - 4?
-1b
In base 14, what is -2d - 0?
-2d
In base 16, what is 783 + 2?
785
In base 16, what is c73 + 2?
c75
In base 15, what is -414 - -5?
-40e
In base 8, what is 45 - -22?
67
In base 15, what is -1c8 + -4?
-1cc
In base 4, what is -22 + -331?
-1013
In base 9, what is 4 + 143?
147
In base 15, what is ab7 + 4?
abb
In base 3, what is -11 - -2222?
2211
In base 7, what is 20 - -2?
22
In base 4, what is 0 + -12210?
-12210
In base 2, what is 11110 - 101011?
-1101
In base 15, what is -40d + 2?
-40b
In base 2, what is -1 + -1000101110011?
-1000101110100
In base 12, what is 1 - -2812?
2813
In base 13, what is 11c + -5?
117
In base 2, what is 100 - 10100?
-10000
In base 13, what is 7b5 + 5?
7ba
In base 2, what is 10000001110111 - 0?
10000001110111
In base 5, what is 1002 + 10?
1012
In base 5, what is 3 + -1?
2
In base 6, what is 0 - -1520?
1520
In base 13, what is 5 + 45?
4a
In base 8, what is -3 - 71?
-74
In base 15, what is -4 - 11?
-15
In base 4, what is -2 + -200?
-202
In base 4, what is 2 - -32?
100
In base 5, what is 2131 + 4?
2140
In base 12, what is b9 - 9?
b0
In base 9, what is 4 + -264?
-260
In base 15, what is 7b + 2e?
aa
In base 8, what is 256 - 27?
227
In base 5, what is -2 + -2321?
-2323
In base 6, what is 4 + -1455?
-1451
In base 3, what is 1 - -2201?
2202
In base 16, what is -694 - 2?
-696
In base 6, what is -503 - -5?
-454
In base 15, what is -2a0 - -1?
-29e
In base 3, what is -2011 + 21?
-1220
In base 2, what is 101 - -111110101?
111111010
In base 11, what is 253 + 20?
273
In base 3, what is 100020 - -122?
100212
In base 14, what is -1131a - -1?
-11319
In base 8, what is 64 + 2?
66
In base 13, what is -99 - -4?
-95
In base 3, what is -1002 - -100?
-202
In base 8, what is 44 + -603?
-537
In base 7, what is -100 + -66?
-166
In base 10, what is -2 - -11?
9
In base 4, what is -30 + 2010?
1320
In base 11, what is -5 + 375?
370
In base 11, what is 4 - 92?
-89
In base 16, what is -8d + 52?
-3b
In base 14, what is -1c + 11?
-b
In base 11, what is 410 - -2?
412
In base 7, what is -3 + 6020?
6014
In base 12, what is 242 + -5?
239
In base 15, what is 43 - -4?
47
In base 5, what is 1133 + 44?
1232
In base 10, what is -1 - 992?
-993
In base 12, what is 164 - -2?
166
In base 5, what is 31204 + -1?
31203
In base 2, what is 10 + -11110000?
-11101110
In base 6, what is 5 + -500?
-451
In base 9, what is -1 + 185?
184
In base 4, what is -1310 + 2220?
310
In base 6, what is -15 + 4?
-11
In base 5, what is 0 - -141?
141
In base 13, what is -5 + -18?
-20
In base 7, what is 4 + -1130?
-1123
In base 2, what is 1111 - -1111?
11110
In base 4, what is -2 + 21?
13
In base 6, what is 4 - -214?
222
In base 7, what is -231 - 2?
-233
In base 5, what is -2444 + -1?
-3000
In base 3, what is 1020201 - -10?
1020211
In base 6, what is 10420 + -1?
10415
In base 5, what is -22432 - 1?
-22433
In base 8, what is 1 + 21?
22
In base 14, what is 0 - -a9?
a9
In base 7, what is -220 + 5?
-212
In base 15, what is -8a81 + 1?
-8a80
In base 14, what is -b - -9c?
91
In base 5, what is -34 - -3?
-31
In base 3, what is 0 - 102010?
-102010
In base 16, what is f3 + 0?
f3
In base 4, what is -1320021 - 1?
-1320022
In base 13, what is -33a + 0?
-33a
In base 11, what is -106 - 20?
-126
In base 7, what is 25 + -3136?
-3111
In base 10, what is 1 - 298?
-297
In base 9, what is 5 + 3?
8
In base 16, what is -6 - 18?
-1e
In base 11, what is -200 + 21?
-18a
In base 5, what is 10 - -21?
31
In base 4, what is -3 + 301?
232
In base 6, what is -5 + -212?
-221
In base 6, what is -2130 + 2?
-2124
In base 9, what is -127 + 1?
-126
In base 15, what is 217 - -1?
218
In base 6, what is 3 + 414?
421
In base 7, what is -523 + 34?
-456
In base 4, what is 21 + 10?
31
In base 3, what is -10020020 + -1?
-10020021
In base 7, what is -5 - -302?
264
In base 14, what is -2 - -824?
822
In base 4, what is 11 - -21311?
21322
In base 3, what is -12 - -2002102?
2002020
In base 14, what is -69 + -5?
-70
In base 16, what is 111 + -5?
10c
In base 5, what is 334233 - 2?
334231
In base 14, what is 52 + -13?
3d
In base 4, what is 3 - 31112?
-31103
In base 6, what is 1 + -1440?
-1435
In base 12, what is -3 - 33?
-36
In base 7, what is -2 + -1?
-3
In base 15, what is 2 - 5d?
-5b
In base 10, what is 3 - -148?
151
In base 12, what is 7 - 1?
6
In base 4, what is 21 + 10?
31
In base 12, what is -2b - 23?
-52
In base 3, what is -1 - -11002?
11001
In base 10, what is -1703 + 5?
-1698
In base 10, what is 81 - -5?
86
In base 15, what is c + -3?
9
In base 7, what is 215 - -52?
300
In base 16, what is -124 - 3?
-127
In base 3, what is -10 - -2102?
2022
In ba